What is the remainder when c(-9) is divided by 77?
67
Suppose i = -9 - 12. What is the remainder when 28 is divided by (-30)/i*(-5)/(5/(-7))?
8
Let r(c) = -7*c**2 - 42*c - 14. What is the remainder when 161 is divided by r(-4)?
35
Let h be (-4 - (-11)/3)*0. Suppose 4*v - 88 = -h*v. What is the remainder when 85 is divided by v?
19
Let b be ((-7)/(21/10))/(2/(-24)). Let s = 57 - b. Calculate the remainder when 24 is divided by s.
7
Let s = 28 + -25. Let v be (-22)/55 - 82/(-5). Suppose -s*x = -b + 7, -3*b + v = -b - 4*x. What is the remainder when 17 is divided by b?
7
Let s = -4 - -9. Suppose 3*z - 192 = 3*a, -2*z + a = -s*z + 212. Calculate the remainder when z is divided by 22*(1 - 0)*1 + -4.
15
Let p = 305 + -183. What is the remainder when p is divided by 42?
38
Suppose 1475 = -2*b + 27*b. Calculate the remainder when 529 is divided by b.
57
Suppose 2*t = -4*m - 0*t + 22, 2*m + 2*t = 12. Suppose v = 2*v - 67. What is the remainder when v is divided by 113/m - 28/(-70)?
21
Let y(q) be the first derivative of 23*q**2/2 - 2*q - 3. Let f be y(-1). Let p = -4 - f. What is the remainder when p is divided by 12?
9
Let j be 10/(-60) + 23/(-6). Let s(g) = -g**2 - 10*g - 10. Suppose 5*k - 10 = 185. Calculate the remainder when k is divided by s(j).
11
Let s be 12 + -15 - (-14)/2. Suppose -s*v + v = -60. What is the remainder when 40 + -1 + 1/(-1) is divided by v?
18
What is the remainder when (-1)/4 - 28449/(-116) is divided by 13?
11
Let d be (-4 + 1 - 44) + -1. Let k = 69 + d. What is the remainder when 39 is divided by k?
18
Suppose -2*n + 16 = -3*b, 6*n = b + 7*n - 3. Calculate the remainder when (-1)/(b - 0/(-3))*30 is divided by 6.
3
Suppose -4*p - 5*t = -4 - 1, 0 = 3*t + 9. Suppose 119 = p*l - 81. Calculate the remainder when l is divided by (-3 - (-39)/6)*(6 + -2).
12
Let c = -165 + 294. Let m = c - 119. What is the remainder when 19 is divided by m?
9
Let f(t) = 424*t**3 + 4*t**2 - 2. Calculate the remainder when f(1) is divided by 86.
82
Let q(w) = 8*w**2 + 4*w + 2. Let x be ((-7)/21)/(2/18). What is the remainder when q(x) is divided by 33?
29
Let r = 985 - 878. What is the remainder when 1068 is divided by r?
105
Let y = 9 - -20. Suppose -y - 15 = -4*o. Calculate the remainder when 16 is divided by o.
5
Let l = 48 - 29. Let o(t) = t**3 - 9*t**2 - 19*t + 2. Calculate the remainder when o(11) is divided by l.
16
Let n = 72 - 53. Let u(a) = a**2 - 18*a - 1. What is the remainder when 2/(-6) - (-320)/6 is divided by u(n)?
17
What is the remainder when -1 + (1 - -78) + -4 + 1 is divided by 28?
19
Suppose 1200 = 3*u + 5*u. Suppose -6*z + 30 = -u. What is the remainder when 118 is divided by z?
28
What is the remainder when (-2661)/(-12) + (28/(-16) - -2) is divided by 45?
42
Suppose 0 = 14*i - 4*i - 440. Let c = i + -34. Let t(s) = -s**2 + 5*s - 2. What is the remainder when c is divided by t(2)?
2
Suppose 10 = m - 3. What is the remainder when (-1)/((-6)/(-56))*(-16 + m) is divided by 17?
11
Let z(c) = -c**2 - 10*c - 13. Let v = -3 + -6. Let g be z(v). Let k(i) = i**2 + 2*i - 6. What is the remainder when 6 is divided by k(g)?
0
Suppose -22 = -v - 5*d, 2*v - 4*d = d + 74. Let z = -332 + 395. Calculate the remainder when z is divided by v.
31
Suppose 141*d = 145*d - 160. What is the remainder when d is divided by 22?
18
Let f(b) = 12*b**2 - b. Let h = 32 + -33. Let u be f(h). Suppose 0 = 2*q - u - 3. What is the remainder when 37 is divided by q?
5
Suppose 2*p + 18 = p. What is the remainder when 34 is divided by (-4)/p + (-264)/(-27) + -1?
7
Suppose -3*v + i + 90 = 4*i, 5*i = -2*v + 60. Suppose -v = -0*b - 2*b. Calculate the remainder when 44 is divided by b.
14
Suppose -5*y = 4*p + 129, 3*y - 6*p = -p - 107. Suppose -10 = q + 2*r - 0, 0 = -3*r - 15. Let h = q - y. Calculate the remainder when 56 is divided by h.
27
Let t(p) = -2*p**2 - 50*p - 5. What is the remainder when t(-17) is divided by 45?
42
Let o = 15 - 11. Suppose 5*f = -3*g - g + 101, o*g + f - 97 = 0. Suppose -12 = -3*r + g. What is the remainder when 21 is divided by r?
9
Let d(g) = -g**3 + 9*g**2 - g + 5. Calculate the remainder when d(5) is divided by 21.
16
Let m be (-46)/(-115) - (158/(-5) - -1). Suppose -12 = -3*f - f. Suppose -51 = -p - f*z, 3*z - 5*z = -p + m. Calculate the remainder when p is divided by 20.
19
Let z(t) = t + 10. Let b be z(-10). Let a(q) = -q**2 + 3*q + 84. What is the remainder when a(b) is divided by 43?
41
Let m(z) = -59*z - 8. What is the remainder when m(-4) is divided by 33?
30
Calculate the remainder when 66 + 4*(-2)/8 is divided by 34.
31
Let o = -67 + 99. Suppose -2*c - 14 + 2 = -f, f = -5*c + 5. Let g = f + 85. Calculate the remainder when g is divided by o.
31
Suppose 4*z - 25 = 2*v - 69, -3*v - 2*z = -106. Suppose -6*u - 22 = v. Calculate the remainder when (-2)/u + (-604)/(-36) is divided by 5.
2
Suppose 0 = 6*m - m - 2655. Let w be 8/6*m/(-6). Calculate the remainder when w/(2 - (4 - 0)) is divided by 15.
14
Suppose 0*c + 4*c = 224. Suppose -78 + 28 = -5*a. What is the remainder when c is divided by a?
6
Suppose 442 - 454 = -w. What is the remainder when 57 is divided by w?
9
Let i = 26 + -17. Suppose -5*d - 132 - 173 = 0. Let h = -46 - d. Calculate the remainder when h is divided by i.
6
Let s(t) = -7*t**3 - 2*t**2 - 2*t - 2. Let h = -1135 - -1148. Calculate the remainder when s(-2) is divided by h.
11
Let x(h) = 4*h**2 + 14*h + 22. What is the remainder when 547 is divided by x(-2)?
7
Let q = 64 - 23. Let s = q + -16. Calculate the remainder when 48 is divided by s.
23
Suppose -4*i - 12 = 2*l, -4*i + 2*i = 10. Suppose -5*q + 45 = -l*q. What is the remainder when q is divided by 12?
9
Let a(l) = 16*l - 667. Calculate the remainder when a(49) is divided by 5.
2
What is the remainder when 1/(-5*(-8)/2040) is divided by 19?
13
Let i(k) = k**2 + 13*k - 9. Let o be i(-15). Let j = -10 + o. What is the remainder when 21 is divided by j?
10
What is the remainder when 74 is divided by -4*5/(10*-2)*42?
32
Let g = -613 + 683. What is the remainder when 125 is divided by g?
55
Suppose -33 = -q + 4*r, 0 = 3*q - r + 22 - 176. Calculate the remainder when q is divided by 32.
21
Let x = -104 + 173. Calculate the remainder when 205 is divided by x.
67
Let v = -795 - -871. Calculate the remainder when v is divided by 36.
4
Let m be 1/(-1)*(1 + 0 + -3). Let n be 132/21 + 4/(-14). What is the remainder when 226/n - m/(-6) is divided by 20?
18
Let z(k) = -k - 6. Let b be z(-8). Suppose -22 = -b*t + m + m, 2*m = -2*t + 10. What is the remainder when 93 is divided by t?
5
Suppose -3*i + 5*l + 20 = 4*l, 0 = i + l. What is the remainder when 42 is divided by (66/(-15))/((-2)/i)?
9
Let z(r) = r**2 + 7*r - 6. Suppose -3*h = 4*p - 17, -8*p = 2*h - 5*p - 12. Calculate the remainder when z(-12) is divided by h.
0
Let y(d) = -d**3 + 11*d**2 - 9*d - 10. Let l be y(10). Suppose 0 = -l*f + f - 77. Calculate the remainder when f is divided by 20.
17
Suppose -2*n = 3*n + 3*r + 436, 5*r + 430 = -5*n. Let y = -39 - n. Let v = 557 - 544. What is the remainder when y is divided by v?
11
Let i = 51 - 32. What is the remainder when 112 is divided by i?
17
Suppose 3*r = 116 + 7. Suppose -52 = -3*b + r. What is the remainder when b is divided by 8?
7
Suppose 171 = 3*c - 0*c + 4*s, -2*c + s + 114 = 0. Suppose -5*g = -c - 3. Calculate the remainder when 21 is divided by g.
9
Suppose -2*a = 3*a - 30. Suppose a*m = -m + 70. What is the remainder when 38 is divided by m?
8
What is the remainder when 666/4*(-6)/(-9) is divided by 20?
11
Let t(q) = -14*q + 20. What is the remainder when t(-13) is divided by 23?
18
Let d = 104 - -368. Calculate the remainder when d is divided by 17.
13
Suppose -33*t = -40*t + 210. Calculate the remainder when 105 is divided by t.
15
Let g = -239 - -251. What is the remainder when 12 is divided by g?
0
Let v(w) = w**3 - 3*w + 23. Let h be v(0). Suppose -133 + h = -11*j. Calculate the remainder when 16 is divided by j.
6
What is the remainder when (56/4 - -1)*15 is divided by 12?
9
Suppose 4*h - 37 = 15. Let t = 42 + -36. Suppose -t = 4*i - 26. What is the remainder when h is divided by i?
3
Let x(f) = -8*f - 15. Let v be x(-7). Let y = v + -18. What is the remainder when 1/(-4) + (-173)/(-4) is divided by y?
20
What is the remainder when (((-54)/(-10))